y j.
7
Let z = -79 + 152. Let a be 50/(-1) - (-6 - -3). Let v = 72 + a. Calculate the remainder when z is divided by v.
23
Suppose -u + 0*u - 6 = -5*m, -4*m + 8 = -4*u. Let i be 66/3 - 3/u. Let t = 51 - i. What is the remainder when t is divided by 14?
12
Let p(i) = 2*i**3 + 29*i**2 + 12*i + 3. Calculate the remainder when p(-14) is divided by 18.
13
Suppose 3*q - 34 = -4*c, -3*q + 7 = 2*c - 31. What is the remainder when 180 is divided by q?
12
Let b be (0/2)/((-4)/4). Suppose -t + 23 = -b. Calculate the remainder when t is divided by 4*3 - (-2 - -2).
11
Let t(a) = a**3 - 8*a**2 + 3*a - 11. Suppose -5*g = 2*k - 115 - 39, 354 = 5*k - 3*g. Suppose 4*l - l - k = 0. What is the remainder when l is divided by t(8)?
11
Let z(q) = q**3 - 5*q**2 + 3*q - 2. Let b = -4 - -6. Suppose -c = 5*o - 188, -3*o - b*c = -0*o - 117. Calculate the remainder when o is divided by z(5).
11
Let v = 15 - 30. What is the remainder when 37 is divided by (26/(-3))/(10/v)?
11
Let h(i) = -i**3 + 8*i**2 - i + 9. Let k be h(8). Suppose t - 3 = -k. Calculate the remainder when ((-2)/4)/((-1)/6) is divided by t.
1
Let y(b) = -b + 8. Let g be y(6). Let c = 5 - g. What is the remainder when 6 is divided by c?
0
Let s be 1 + 8*-1 + 3. Calculate the remainder when 17 is divided by -4*(-1 + 5/s).
8
Suppose 0 = -4*t + 2*t + 8. Suppose -5*k - 2*h = -30 + 1, -2*k + 18 = 4*h. What is the remainder when k is divided by t?
1
Let m = -2 + 10. Suppose 4*t + 3*a = 73, 4*a + 28 - m = 2*t. Calculate the remainder when t is divided by 9.
7
Suppose 2*f - 14 = -5*y, -5*f = 5*y - 77 + 12. Calculate the remainder when 61 is divided by f.
10
Calculate the remainder when 8/3*(-3)/(-4) is divided by 2.
0
Suppose 0*b = h + 2*b - 16, -18 = -h - b. What is the remainder when h is divided by 7?
6
Suppose 0 = -3*c - 2*c. What is the remainder when 38 is divided by (2 + c)/((-6)/(-39))?
12
Let j be -3*2/6*-2. Suppose -o = -j*o + 7. Calculate the remainder when 12 is divided by o.
5
Let p(a) = a**3 - 2*a**2 + a + 2. Let b be p(2). Suppose -b*h = -0*h - 40. Suppose 0 = -2*i + 2 + 6. What is the remainder when h is divided by i?
2
Let o(c) = -3*c + 16. What is the remainder when o(-5) is divided by 17?
14
Suppose u - z - 24 = -0*u, 0 = -u + 4*z + 36. Calculate the remainder when u is divided by 3.
2
Suppose w - 21 = -2*f + 65, 0 = -f. Suppose w = 3*i - i + 2*v, -i = 3*v - 43. Suppose -3*j = j, -30 = -2*k + 3*j. What is the remainder when i is divided by k?
13
Suppose 4*q + 2*x = 4*x + 318, -333 = -4*q + 5*x. Calculate the remainder when q is divided by 27.
23
Let q be 46 + (-3 - -2) + -2. Let b = -22 + q. Calculate the remainder when b is divided by 11.
10
Let k be 21/12 + (-2)/(-8). Suppose 0 = -k*u - 0 + 12. What is the remainder when 23 is divided by (3 - 1) + -2 + u?
5
Let f = -129 + 140. Calculate the remainder when 51 is divided by f.
7
Suppose -3*o = -5*o + 138. Let r = o + -2. What is the remainder when r is divided by 34?
33
Let n(b) be the third derivative of 11*b**5/15 - b**4/24 + 6*b**2. What is the remainder when n(1) is divided by 11?
10
Suppose 9*w + 104 = 11*w. Calculate the remainder when w is divided by 27.
25
Let b(z) = 20*z - 3. Let v be 42/8 - (-4)/(-16). Suppose -2*s + 67 = 3*q, s - 11 = -v*q + 40. Calculate the remainder when b(4) is divided by s.
25
Suppose -4*v + 15 + 65 = 0. Calculate the remainder when 76 is divided by v.
16
Suppose -2*n = -0*n - 82. What is the remainder when n is divided by 15?
11
Let m(q) = -q**3 + 22*q**2 - 20*q - 8. Calculate the remainder when 24 is divided by m(21).
11
Let u(q) = 2*q - 8. Calculate the remainder when u(13) is divided by 10.
8
Let l = -101 - -126. What is the remainder when 174 is divided by l?
24
Let i = 124 - 68. Let k be 6 - 0 - (-4 + 4). Suppose -g + 73 = 4*b, -k = 2*g - 0. Calculate the remainder when i is divided by b.
18
Let i = 118 + -117. Calculate the remainder when 5 is divided by i.
0
What is the remainder when (-826)/21*(-6)/4 is divided by 15?
14
Suppose -4*j + 24 = -4*d, -11 = -2*j - d + 16. What is the remainder when 18 is divided by j?
7
Let z(i) = 2*i**2 + 3*i - 2. Let a = -53 - -88. Calculate the remainder when a is divided by z(2).
11
Let l(p) = -p**2 + 10*p - 4. Let a(x) = 4 - x**2 + 13*x**2 + x**3 + 9*x - 2*x**2. Let u be a(-9). What is the remainder when 38 is divided by l(u)?
18
Calculate the remainder when 21 is divided by (2/2)/((-3)/(-33)).
10
Suppose 5*q = 18 + 27. Let v = q + 6. Calculate the remainder when ((-84)/(-15))/(4/20) is divided by v.
13
Suppose 0 = o - 6 - 17. Calculate the remainder when 2*-1*(-32 + -2) is divided by o.
22
Suppose 270 = -j + 4*j. Suppose 0 = k - 6*k + 115. What is the remainder when j is divided by k?
21
Let p(a) = 2*a - 1. What is the remainder when p(9) is divided by 10?
7
Let u = -103 - -259. Let y = -105 + u. Calculate the remainder when y is divided by 18.
15
Let c = -1 - -3. Let f be 0/c + -1 + 1. Suppose 3*z - 51 = w - 4*w, w + 3*z - 23 = f. What is the remainder when w is divided by 5?
4
Suppose l - 418 = -3*l + 2*s, -2*l + 191 = 5*s. Calculate the remainder when l is divided by 8.
7
Let d = -468 + 497. Suppose q + 32 = 3*q. What is the remainder when d is divided by q?
13
Suppose 0 = -2*y + 15 + 1. What is the remainder when 37 is divided by y?
5
Let l(w) be the third derivative of 1/6*w**3 + 0 + 2*w**2 + 0*w - 1/24*w**4. Calculate the remainder when 14 is divided by l(-3).
2
Let s = 64 + -30. Suppose -4*y + 68 = 3*v, -5*v - s = -6*y + 4*y. Calculate the remainder when 31 is divided by y.
14
Suppose -4*u + 0*u + 444 = 3*p, -5*u + 555 = -3*p. What is the remainder when u is divided by 30?
21
Let n(y) = -32*y - 5. What is the remainder when n(-2) is divided by 15?
14
Let l = 50 - 25. Calculate the remainder when 48 is divided by l.
23
Let a = -36 + 57. Let u = 102 + -40. Calculate the remainder when u is divided by a.
20
Let f(i) = -2*i**2 + i. Let u be f(1). Let j = 23 + 0. What is the remainder when j is divided by (-1 + -5 + -2)/u?
7
Suppose -25 = -r - 0*h + 5*h, 4*h = 12. Calculate the remainder when r is divided by 15.
10
Suppose 3*c + 3*p + 15 + 15 = 0, -2*p + 52 = -4*c. Let a = c + 21. Calculate the remainder when (-16)/(1 + 2 + -4) is divided by a.
7
Suppose -2*y + 0*y + 120 = 0. What is the remainder when y is divided by 21?
18
Let w = -24 - -43. Calculate the remainder when 51 is divided by w.
13
Suppose 19 = 3*t - 14. Suppose 2*y = 18 + 46. Calculate the remainder when y is divided by t.
10
Suppose 0 = -3*j + d + 30, 0 = -3*j - d - d + 21. Let l(n) = n - 5. Let x be l(j). Calculate the remainder when 41 is divided by x/(16/7)*8.
13
Let u = 22 - 16. What is the remainder when u is divided by 4?
2
Let r be 1/(-2)*6 - -5. Suppose -r*v + 53 = -v. What is the remainder when v is divided by 18?
17
Let r(s) = 12*s + 2. Calculate the remainder when 48 is divided by r(1).
6
Suppose -5*y = 4*f + 22, -2*y + 5*f + 11 = -0*y. Let z(g) = -88*g + 2. Let c be z(y). Let k = c + -105. Calculate the remainder when k is divided by 19.
16
Let n = 15 - 39. What is the remainder when (-3 + (n - -4))*-1 is divided by 12?
11
Suppose -2*s = -3*s - 63. Let d = s + 106. What is the remainder when d is divided by 22?
21
Let f = -1 - -5. Suppose 36 = -2*m + f. Calculate the remainder when 34 is divided by -2 + (-1 - 1 - m).
10
Suppose -3*q + 6*q - 39 = 3*x, 0 = -q + 5*x + 25. What is the remainder when q is divided by ((-12)/(-16))/((-2)/(-16))?
4
Suppose -7 = 4*n - 47. What is the remainder when 38 is divided by n?
8
Let g(z) = -2*z - 16. Let o be g(-11). Suppose -3*c + o = -9. Suppose k - c*k + 20 = 0. What is the remainder when k is divided by 3?
2
Let r(c) = 8*c**2 + 1. What is the remainder when 23 is divided by r(-1)?
5
Suppose 0*b + b - 4 = -3*f, -16 = -5*f - 4*b. Suppose -v + 9 = -f. Calculate the remainder when (-2)/12 - 628/(-24) is divided by v.
8
Suppose 0 = 2*g - 3*g + 19. Suppose 0 = -2*j - 6 - 0, -12 = -4*u + 4*j. Suppose u = p + 2*p - 21. What is the remainder when g is divided by p?
5
Suppose -4*g - 210 = -6*g + 4*b, 0 = -g - 2*b + 93. Suppose 8*s - 305 = -105. What is the remainder when g is divided by s?
24
Let t be 1/1*(-3 - -2). Let w(y) = -30*y**3 + y + 1. Let c = -17 + 28. Calculate the remainder when w(t) is divided by c.
8
Let r = -7 - -25. What is the remainder when 3